{"id":38,"date":"2015-01-30T18:36:56","date_gmt":"2015-01-30T17:36:56","guid":{"rendered":"http:\/\/www.naturheilpraxis-gremme.de\/?page_id=38"},"modified":"2015-02-01T20:14:03","modified_gmt":"2015-02-01T19:14:03","slug":"kontakt","status":"publish","type":"page","link":"http:\/\/www.naturheilpraxis-gremme.de\/?page_id=38","title":{"rendered":"Kontakt"},"content":{"rendered":"<p>Bitte haben Sie daf\u00fcr Verst\u00e4ndnis, dass ich aus datenschutzrechtlichen Gr\u00fcnden keine E-Mails \u00fcber Therapiem\u00f6glichkeiten oder Dinge, die damit im Zusammenhang stehen, beantworten kann. Ich m\u00f6chten Sie darauf hinweisen, dass die Kommunikation per E-Mail unsicher sein kann, da f\u00fcr unberechtigte Dritte die M\u00f6glichkeit der Kenntnisnahme und Manipulation besteht. F\u00fcr vetrauliche Behandlungsanfragen verwenden Sie bitte das gute alte Telefon oder einen normalen Brief. Ich danke Ihnen ganz herzlich f\u00fcr Ihr Verst\u00e4ndnis.<\/p>\n<p>Naturheilpraxis<br \/>\nHeinz-Theodor Gremme<br \/>\nHeilpraktiker<br \/>\nHaydnweg 11<br \/>\n59399 Olfen<br \/>\nTelefon: 02595-972904<\/p>\n","protected":false},"excerpt":{"rendered":"<p>Bitte haben Sie daf\u00fcr Verst\u00e4ndnis, dass ich aus datenschutzrechtlichen Gr\u00fcnden keine E-Mails \u00fcber Therapiem\u00f6glichkeiten oder Dinge, die damit im Zusammenhang stehen, beantworten kann. Ich m\u00f6chten Sie darauf hinweisen, dass die Kommunikation per E-Mail unsicher sein kann, da f\u00fcr unberechtigte Dritte die M\u00f6glichkeit der Kenntnisnahme und Manipulation besteht. F\u00fcr vetrauliche Behandlungsanfragen verwenden Sie bitte das gute&#8230;<\/p>\n","protected":false},"author":1,"featured_media":0,"parent":0,"menu_order":0,"comment_status":"closed","ping_status":"closed","template":"","meta":{"footnotes":""},"class_list":["post-38","page","type-page","status-publish","hentry"],"_links":{"self":[{"href":"http:\/\/www.naturheilpraxis-gremme.de\/index.php?rest_route=\/wp\/v2\/pages\/38","targetHints":{"allow":["GET"]}}],"collection":[{"href":"http:\/\/www.naturheilpraxis-gremme.de\/index.php?rest_route=\/wp\/v2\/pages"}],"about":[{"href":"http:\/\/www.naturheilpraxis-gremme.de\/index.php?rest_route=\/wp\/v2\/types\/page"}],"author":[{"embeddable":true,"href":"http:\/\/www.naturheilpraxis-gremme.de\/index.php?rest_route=\/wp\/v2\/users\/1"}],"replies":[{"embeddable":true,"href":"http:\/\/www.naturheilpraxis-gremme.de\/index.php?rest_route=%2Fwp%2Fv2%2Fcomments&post=38"}],"version-history":[{"count":3,"href":"http:\/\/www.naturheilpraxis-gremme.de\/index.php?rest_route=\/wp\/v2\/pages\/38\/revisions"}],"predecessor-version":[{"id":65,"href":"http:\/\/www.naturheilpraxis-gremme.de\/index.php?rest_route=\/wp\/v2\/pages\/38\/revisions\/65"}],"wp:attachment":[{"href":"http:\/\/www.naturheilpraxis-gremme.de\/index.php?rest_route=%2Fwp%2Fv2%2Fmedia&parent=38"}],"curies":[{"name":"wp","href":"https:\/\/api.w.org\/{rel}","templated":true}]}}