{"id":42,"date":"2015-01-30T18:38:31","date_gmt":"2015-01-30T17:38:31","guid":{"rendered":"http:\/\/www.naturheilpraxis-gremme.de\/?page_id=42"},"modified":"2018-05-12T18:47:10","modified_gmt":"2018-05-12T17:47:10","slug":"impressum","status":"publish","type":"page","link":"http:\/\/www.naturheilpraxis-gremme.de\/?page_id=42","title":{"rendered":"Impressum"},"content":{"rendered":"<p><strong>Impressum<br \/>\n<\/strong>(aktualisiert am 12.05.2018)<strong><br \/>\n<\/strong><\/p>\n<p><strong>Angaben gem\u00e4\u00df \u00a7 5 TMG:<\/strong><\/p>\n<p>Heinz-Theodor Gremme<br \/>\nPraxis f\u00fcr Naturheilverfahren<br \/>\nHaydnweg 11<br \/>\n59399 Olfen<\/p>\n<p><strong>Kontakt:<\/strong><\/p>\n<p>Telefon: 02595-972904<br \/>\nE-Mail: theo.gremme@gmx.de<\/p>\n<p><strong>Aufsichtsbeh\u00f6rde:<\/strong><\/p>\n<p>Gesundheitsamt Kreis Coesfeld \u2013 Gesundheitsamt, Sch\u00fctzenwall 16, 48653 Coesfeld<br \/>\n<a href=\"http:\/\/buergerservice.kreis-coesfeld.de\/service\/verwaltungseinheit\/53--gesundheitsamt\/index.html\">http:\/\/buergerservice.kreis-coesfeld.de\/service\/verwaltungseinheit\/53&#8211;gesundheitsamt\/index.html<\/a><\/p>\n<p><strong>Berufsbezeichnung und berufsrechtliche Regelungen:<\/strong><\/p>\n<p>Berufsbezeichnung: Heilpraktiker gem\u00e4\u00df \u00a71 Abs. 1 des Gesetzes \u00fcber die berufsm\u00e4\u00dfige Aus\u00fcbung der Heilkunde ohne Bestallung (Heilpraktikergesetz) vom 17.02.1939 (RGBI. I S. 251) in der zur Zeit g\u00fcltigen Fassung.<\/p>\n<p>Verliehen durch: Deutschland, die Erlaubnis wurde am 08.06.1988 durch das Gesundheitsamt der Stadt Essen erteilt.<\/p>\n<p><strong>Es gelten folgende berufsrechtliche Regelungen:<\/strong><\/p>\n<p>Heilpraktikergesetz, vom 17.02.1939 (RGBI. I S. 251) in der zur Zeit g\u00fcltigen Fassung.<\/p>\n<p>Regelungen einsehbar unter:<br \/>\n<a href=\"https:\/\/www.gesetze-im-internet.de\/heilprg\/BJNR002510939.html\">https:\/\/www.gesetze-im-internet.de\/heilprg\/BJNR002510939.html<\/a><\/p>\n<p><strong>Angaben zur BerufshaftpflichtversicherungName und Sitz des Versicherers:<\/strong><\/p>\n<p>Continentale Sachversicherung AG<br \/>\nRuhrallee 92<br \/>\n44139 Dortmund<\/p>\n<p>Geltungsraum der Versicherung: Deutschland<\/p>\n<p><strong>Verantwortlich f\u00fcr den Inhalt nach \u00a7 55 Abs. 2 RStV:<\/strong><\/p>\n<p>Heinz-Theodor Gremme<br \/>\nHaydnweg 11<br \/>\n59399 Olfen<\/p>\n<p><strong>Streitschlichtung:<\/strong><\/p>\n<p>Wir sind nicht bereit oder verpflichtet, an Streitbeilegungsverfahren vor einer<br \/>\nVerbraucherschlichtungsstelle teilzunehmen.<\/p>\n<p><strong>Haftung f\u00fcr Inhalte:<\/strong><\/p>\n<p>Als Diensteanbieter sind wir gem\u00e4\u00df \u00a7 7 Abs.1 TMG f\u00fcr eigene Inhalte auf diesen Seiten nach den allgemeinen Gesetzen verantwortlich. Nach \u00a7\u00a7 8 bis 10 TMG sind wir als Diensteanbieter jedoch nicht verpflichtet, \u00fcbermittelte oder gespeicherte fremde Informationen zu \u00fcberwachen oder nach Umst\u00e4ndenzu forschen, die auf eine rechtswidrige T\u00e4tigkeit hinweisen.<br \/>\nVerpflichtungen zur Entfernung oder Sperrung der Nutzung von Informationen nach den allgemeinen Gesetzen bleiben hiervon unber\u00fchrt. Eine diesbez\u00fcgliche Haftung ist jedoch erst ab dem Zeitpunkt der Kenntnis einer konkreten Rechtsverletzung m\u00f6glich. Bei Bekanntwerden von entsprechenden Rechtsverletzungen werden wir diese Inhalte umgehend entfernen.<\/p>\n<p><strong>Haftung f\u00fcr Links:<\/strong><\/p>\n<p>Unser Angebot enth\u00e4lt Links zu externen Websites Dritter, auf deren Inhalte wir keinen Einfluss haben. Deshalb k\u00f6nnen wir f\u00fcr diese fremden Inhalte auch keine Gew\u00e4hr \u00fcbernehmen. F\u00fcr die Inhalte der verlinkten Seiten ist stets der jeweilige Anbieter oder Betreiber der Seiten verantwortlich. Die verlinkten Seiten wurden zum Zeitpunkt der Verlinkung auf m\u00f6gliche Rechtsverst\u00f6\u00dfe \u00fcberpr\u00fcft. Rechtswidrige Inhalte waren zum Zeitpunkt der Verlinkung nicht erkennbar.<br \/>\nEine permanente inhaltliche Kontrolle der verlinkten Seiten ist jedoch ohne konkrete Anhaltspunkte einer Rechtsverletzung nicht zumutbar. Bei Bekanntwerden von Rechtsverletzungen werden wir derartige Links umgehend entfernen.<\/p>\n<p><strong>Urheberrecht:<\/strong><\/p>\n<p>Die durch die Seitenbetreiber erstellten Inhalte und Werke auf diesen Seiten unterliegen dem deutschen Urheberrecht. Die Vervielf\u00e4ltigung, Bearbeitung, Verbreitung und jede Art der Verwertung au\u00dferhalb der Grenzen des Urheberrechtes bed\u00fcrfen der schriftlichen Zustimmung des jeweiligen Autors bzw. Erstellers. Downloads und Kopien dieser Seite sind nur f\u00fcr den privaten, nicht kommerziellen Gebrauch gestattet.Soweit die Inhalte auf dieser Seite nicht vom Betreiber erstellt wurden, werden die Urheberrechte Dritter beachtet. Insbesondere werden Inhalte Dritter als solche gekennzeichnet. Sollten Sie trotzdem auf eine Urheberrechtsverletzung aufmerksam werden, bitten wir um einen entsprechenden Hinweis. Bei Bekanntwerden von Rechtsverletzungen werden wir derartige Inhalte umgehend entfernen.<\/p>\n<p>Quelle: e-recht24.de<\/p>\n","protected":false},"excerpt":{"rendered":"<p>Impressum (aktualisiert am 12.05.2018) Angaben gem\u00e4\u00df \u00a7 5 TMG: Heinz-Theodor Gremme Praxis f\u00fcr Naturheilverfahren Haydnweg 11 59399 Olfen Kontakt: Telefon: 02595-972904 E-Mail: theo.gremme@gmx.de Aufsichtsbeh\u00f6rde: Gesundheitsamt Kreis Coesfeld \u2013 Gesundheitsamt, Sch\u00fctzenwall 16, 48653 Coesfeld http:\/\/buergerservice.kreis-coesfeld.de\/service\/verwaltungseinheit\/53&#8211;gesundheitsamt\/index.html Berufsbezeichnung und berufsrechtliche Regelungen: Berufsbezeichnung: Heilpraktiker gem\u00e4\u00df \u00a71 Abs. 1 des Gesetzes \u00fcber die berufsm\u00e4\u00dfige Aus\u00fcbung der Heilkunde ohne Bestallung (Heilpraktikergesetz)&#8230;<\/p>\n","protected":false},"author":1,"featured_media":0,"parent":0,"menu_order":0,"comment_status":"closed","ping_status":"closed","template":"","meta":{"footnotes":""},"class_list":["post-42","page","type-page","status-publish","hentry"],"_links":{"self":[{"href":"http:\/\/www.naturheilpraxis-gremme.de\/index.php?rest_route=\/wp\/v2\/pages\/42","targetHints":{"allow":["GET"]}}],"collection":[{"href":"http:\/\/www.naturheilpraxis-gremme.de\/index.php?rest_route=\/wp\/v2\/pages"}],"about":[{"href":"http:\/\/www.naturheilpraxis-gremme.de\/index.php?rest_route=\/wp\/v2\/types\/page"}],"author":[{"embeddable":true,"href":"http:\/\/www.naturheilpraxis-gremme.de\/index.php?rest_route=\/wp\/v2\/users\/1"}],"replies":[{"embeddable":true,"href":"http:\/\/www.naturheilpraxis-gremme.de\/index.php?rest_route=%2Fwp%2Fv2%2Fcomments&post=42"}],"version-history":[{"count":11,"href":"http:\/\/www.naturheilpraxis-gremme.de\/index.php?rest_route=\/wp\/v2\/pages\/42\/revisions"}],"predecessor-version":[{"id":158,"href":"http:\/\/www.naturheilpraxis-gremme.de\/index.php?rest_route=\/wp\/v2\/pages\/42\/revisions\/158"}],"wp:attachment":[{"href":"http:\/\/www.naturheilpraxis-gremme.de\/index.php?rest_route=%2Fwp%2Fv2%2Fmedia&parent=42"}],"curies":[{"name":"wp","href":"https:\/\/api.w.org\/{rel}","templated":true}]}}